{"id":12,"date":"2025-12-21T11:26:37","date_gmt":"2025-12-21T11:26:37","guid":{"rendered":"https:\/\/crb-btp.com\/?page_id=12"},"modified":"2025-12-21T12:53:37","modified_gmt":"2025-12-21T12:53:37","slug":"12-2","status":"publish","type":"page","link":"https:\/\/crb-btp.com\/?page_id=12","title":{"rendered":"CONTACT"},"content":{"rendered":"\n<p><\/p>\n\n\n\n<p class=\"has-text-color has-link-color has-x-large-font-size wp-elements-53bcdc349f45b88d6732a9f03de07ecb\" style=\"color:#a83b3b\">                    <strong> CONTACT &#8211;<\/strong>NOUS<\/p>\n\n\n\n<div class=\"wp-block-buttons is-layout-flex wp-block-buttons-is-layout-flex\">\n<div class=\"wp-block-button\"><a class=\"wp-block-button__link wp-element-button\" href=\"http:\/\/T\u00e9l  :  06 20 42 21 23\">T\u00e9l  :  06 20 42 21 23              <\/a><\/div>\n\n\n\n<div class=\"wp-block-button\"><a class=\"wp-block-button__link wp-element-button\" href=\"http:\/\/T\u00e9l  :  06 14 74 53 23\">        T\u00e9l  :  06 14 74 53 23      <\/a><\/div>\n<\/div>\n\n\n\n<div class=\"wp-block-buttons is-layout-flex wp-block-buttons-is-layout-flex\">\n<div class=\"wp-block-button\"><a class=\"wp-block-button__link wp-element-button\" href=\"http:\/\/Email : contact@crb-btp.com\"><strong> <\/strong>                                 <strong>Email : contact@crb-btp.com<\/strong>                                        <\/a><\/div>\n<\/div>\n\n\n\n<div class=\"wp-block-buttons is-layout-flex wp-block-buttons-is-layout-flex\">\n<div class=\"wp-block-button\"><a class=\"wp-block-button__link wp-element-button\" href=\"http:\/\/Adresse : 118 Boulevard Gabriel P\u00e9ri 93110 Rosny Sous Bois\">       <strong>Adresse : 118 Boulevard Gabriel P\u00e9ri 93110 Rosny Sous Bois<\/strong> <\/a><\/div>\n<\/div>\n\n\n\n<p><\/p>\n","protected":false},"excerpt":{"rendered":"<p>CONTACT &#8211;NOUS<\/p>\n","protected":false},"author":1,"featured_media":0,"parent":0,"menu_order":0,"comment_status":"closed","ping_status":"closed","template":"","meta":{"footnotes":""},"class_list":["post-12","page","type-page","status-publish","hentry"],"yoast_head":"<!-- This site is optimized with the Yoast SEO plugin v26.8 - https:\/\/yoast.com\/product\/yoast-seo-wordpress\/ -->\n<title>CONTACT - CRB-BTP<\/title>\n<meta name=\"robots\" content=\"index, follow, max-snippet:-1, max-image-preview:large, max-video-preview:-1\" \/>\n<link rel=\"canonical\" href=\"https:\/\/crb-btp.com\/?page_id=12\" \/>\n<meta property=\"og:locale\" content=\"fr_FR\" \/>\n<meta property=\"og:type\" content=\"article\" \/>\n<meta property=\"og:title\" content=\"CONTACT - CRB-BTP\" \/>\n<meta property=\"og:description\" content=\"CONTACT &#8211;NOUS\" \/>\n<meta property=\"og:url\" content=\"https:\/\/crb-btp.com\/?page_id=12\" \/>\n<meta property=\"og:site_name\" content=\"CRB-BTP\" \/>\n<meta property=\"article:modified_time\" content=\"2025-12-21T12:53:37+00:00\" \/>\n<meta name=\"twitter:card\" content=\"summary_large_image\" \/>\n<meta name=\"twitter:label1\" content=\"Dur\u00e9e de lecture estim\u00e9e\" \/>\n\t<meta name=\"twitter:data1\" content=\"1 minute\" \/>\n<script type=\"application\/ld+json\" class=\"yoast-schema-graph\">{\"@context\":\"https:\/\/schema.org\",\"@graph\":[{\"@type\":\"WebPage\",\"@id\":\"https:\/\/crb-btp.com\/?page_id=12\",\"url\":\"https:\/\/crb-btp.com\/?page_id=12\",\"name\":\"CONTACT - CRB-BTP\",\"isPartOf\":{\"@id\":\"https:\/\/crb-btp.com\/#website\"},\"datePublished\":\"2025-12-21T11:26:37+00:00\",\"dateModified\":\"2025-12-21T12:53:37+00:00\",\"breadcrumb\":{\"@id\":\"https:\/\/crb-btp.com\/?page_id=12#breadcrumb\"},\"inLanguage\":\"fr-FR\",\"potentialAction\":[{\"@type\":\"ReadAction\",\"target\":[\"https:\/\/crb-btp.com\/?page_id=12\"]}]},{\"@type\":\"BreadcrumbList\",\"@id\":\"https:\/\/crb-btp.com\/?page_id=12#breadcrumb\",\"itemListElement\":[{\"@type\":\"ListItem\",\"position\":1,\"name\":\"Home\",\"item\":\"https:\/\/crb-btp.com\/\"},{\"@type\":\"ListItem\",\"position\":2,\"name\":\"CONTACT\"}]},{\"@type\":\"WebSite\",\"@id\":\"https:\/\/crb-btp.com\/#website\",\"url\":\"https:\/\/crb-btp.com\/\",\"name\":\"CRB-BTP\",\"description\":\"R\u00e9novation int\u00e9rieur et ext\u00e9rieur\",\"publisher\":{\"@id\":\"https:\/\/crb-btp.com\/#organization\"},\"potentialAction\":[{\"@type\":\"SearchAction\",\"target\":{\"@type\":\"EntryPoint\",\"urlTemplate\":\"https:\/\/crb-btp.com\/?s={search_term_string}\"},\"query-input\":{\"@type\":\"PropertyValueSpecification\",\"valueRequired\":true,\"valueName\":\"search_term_string\"}}],\"inLanguage\":\"fr-FR\"},{\"@type\":\"Organization\",\"@id\":\"https:\/\/crb-btp.com\/#organization\",\"name\":\"CRB-BTP\",\"url\":\"https:\/\/crb-btp.com\/\",\"logo\":{\"@type\":\"ImageObject\",\"inLanguage\":\"fr-FR\",\"@id\":\"https:\/\/crb-btp.com\/#\/schema\/logo\/image\/\",\"url\":\"https:\/\/crb-btp.com\/wp-content\/uploads\/2025\/12\/ChatGPT-Image-21-dec.-2025-a-16_45_43.png\",\"contentUrl\":\"https:\/\/crb-btp.com\/wp-content\/uploads\/2025\/12\/ChatGPT-Image-21-dec.-2025-a-16_45_43.png\",\"width\":1024,\"height\":1024,\"caption\":\"CRB-BTP\"},\"image\":{\"@id\":\"https:\/\/crb-btp.com\/#\/schema\/logo\/image\/\"}}]}<\/script>\n<!-- \/ Yoast SEO plugin. -->","yoast_head_json":{"title":"CONTACT - CRB-BTP","robots":{"index":"index","follow":"follow","max-snippet":"max-snippet:-1","max-image-preview":"max-image-preview:large","max-video-preview":"max-video-preview:-1"},"canonical":"https:\/\/crb-btp.com\/?page_id=12","og_locale":"fr_FR","og_type":"article","og_title":"CONTACT - CRB-BTP","og_description":"CONTACT &#8211;NOUS","og_url":"https:\/\/crb-btp.com\/?page_id=12","og_site_name":"CRB-BTP","article_modified_time":"2025-12-21T12:53:37+00:00","twitter_card":"summary_large_image","twitter_misc":{"Dur\u00e9e de lecture estim\u00e9e":"1 minute"},"schema":{"@context":"https:\/\/schema.org","@graph":[{"@type":"WebPage","@id":"https:\/\/crb-btp.com\/?page_id=12","url":"https:\/\/crb-btp.com\/?page_id=12","name":"CONTACT - CRB-BTP","isPartOf":{"@id":"https:\/\/crb-btp.com\/#website"},"datePublished":"2025-12-21T11:26:37+00:00","dateModified":"2025-12-21T12:53:37+00:00","breadcrumb":{"@id":"https:\/\/crb-btp.com\/?page_id=12#breadcrumb"},"inLanguage":"fr-FR","potentialAction":[{"@type":"ReadAction","target":["https:\/\/crb-btp.com\/?page_id=12"]}]},{"@type":"BreadcrumbList","@id":"https:\/\/crb-btp.com\/?page_id=12#breadcrumb","itemListElement":[{"@type":"ListItem","position":1,"name":"Home","item":"https:\/\/crb-btp.com\/"},{"@type":"ListItem","position":2,"name":"CONTACT"}]},{"@type":"WebSite","@id":"https:\/\/crb-btp.com\/#website","url":"https:\/\/crb-btp.com\/","name":"CRB-BTP","description":"R\u00e9novation int\u00e9rieur et ext\u00e9rieur","publisher":{"@id":"https:\/\/crb-btp.com\/#organization"},"potentialAction":[{"@type":"SearchAction","target":{"@type":"EntryPoint","urlTemplate":"https:\/\/crb-btp.com\/?s={search_term_string}"},"query-input":{"@type":"PropertyValueSpecification","valueRequired":true,"valueName":"search_term_string"}}],"inLanguage":"fr-FR"},{"@type":"Organization","@id":"https:\/\/crb-btp.com\/#organization","name":"CRB-BTP","url":"https:\/\/crb-btp.com\/","logo":{"@type":"ImageObject","inLanguage":"fr-FR","@id":"https:\/\/crb-btp.com\/#\/schema\/logo\/image\/","url":"https:\/\/crb-btp.com\/wp-content\/uploads\/2025\/12\/ChatGPT-Image-21-dec.-2025-a-16_45_43.png","contentUrl":"https:\/\/crb-btp.com\/wp-content\/uploads\/2025\/12\/ChatGPT-Image-21-dec.-2025-a-16_45_43.png","width":1024,"height":1024,"caption":"CRB-BTP"},"image":{"@id":"https:\/\/crb-btp.com\/#\/schema\/logo\/image\/"}}]}},"_links":{"self":[{"href":"https:\/\/crb-btp.com\/index.php?rest_route=\/wp\/v2\/pages\/12","targetHints":{"allow":["GET"]}}],"collection":[{"href":"https:\/\/crb-btp.com\/index.php?rest_route=\/wp\/v2\/pages"}],"about":[{"href":"https:\/\/crb-btp.com\/index.php?rest_route=\/wp\/v2\/types\/page"}],"author":[{"embeddable":true,"href":"https:\/\/crb-btp.com\/index.php?rest_route=\/wp\/v2\/users\/1"}],"replies":[{"embeddable":true,"href":"https:\/\/crb-btp.com\/index.php?rest_route=%2Fwp%2Fv2%2Fcomments&post=12"}],"version-history":[{"count":3,"href":"https:\/\/crb-btp.com\/index.php?rest_route=\/wp\/v2\/pages\/12\/revisions"}],"predecessor-version":[{"id":16,"href":"https:\/\/crb-btp.com\/index.php?rest_route=\/wp\/v2\/pages\/12\/revisions\/16"}],"wp:attachment":[{"href":"https:\/\/crb-btp.com\/index.php?rest_route=%2Fwp%2Fv2%2Fmedia&parent=12"}],"curies":[{"name":"wp","href":"https:\/\/api.w.org\/{rel}","templated":true}]}}